actor of u and y.
4
Let t be 66/(-110) + (-453)/(-5). Let m(g) = 6*g - 6. Let j be m(6). What is the greatest common divisor of j and t?
30
Let t(x) be the first derivative of -5*x**2/2 + 60*x - 1. Let j be t(-4). Let i = -3 - -19. Calculate the highest common factor of i and j.
16
Let u = 357 + -210. What is the highest common divisor of 490 and u?
49
Suppose -10 = -6*f + 2. Suppose -f*j - 57 = -3*j. What is the greatest common divisor of j and 95?
19
Let z = -30 + 675. Calculate the greatest common factor of 60 and z.
15
Suppose 0 = -6*m + 8 + 16. Let y be m/(-10)*1350/(-10). What is the highest common divisor of 72 and y?
18
Let w = -211 + 109. Let f be w + 1/((-3)/6). Let n = 223 + f. What is the highest common factor of n and 17?
17
Let d(u) = 12 + 27*u + 5 - 39*u + u**2. Let k be 238/22 + 2/11. Let s be d(k). Calculate the highest common divisor of s and 3.
3
Let r = 4 + -2. Suppose 6*u - 400 = r*u. What is the greatest common factor of 20 and u?
20
Let b = -49 + 179. Let y(l) = -15*l - 5. Let j be y(-1). Calculate the highest common divisor of j and b.
10
Let w be 4/(-10) + (-202)/(-5). Suppose 0 = 5*l - 4*m + 79, -4*m = 7*l - 3*l + 92. Let u = 35 + l. What is the greatest common factor of u and w?
8
Suppose 15 = k - 2*k - 4*v, -3*k - 5 = 2*v. Let o be k - 11*(0 + -1). What is the highest common divisor of 36 and o?
12
Suppose l + 137 = 2*x, x + 28*l - 79 = 25*l. Calculate the highest common factor of x and 1120.
70
Suppose 292*l - 512 = 260*l. What is the greatest common factor of 2512 and l?
16
Let i be -11 - (1*3696)/(-3). Calculate the highest common divisor of i and 66.
33
Suppose 3*g = -6, 5*z + 5*g + 75 = 5. Let u be 44/7 + -6 + 37/(-7). Let c be 19 - u/((-15)/z). What is the highest common divisor of 46 and c?
23
Suppose -17*d = 50 - 390. What is the greatest common divisor of 55 and d?
5
Let j = -4050 - -4086. Let o be 2*198 + -2 + 2. What is the highest common divisor of o and j?
36
Suppose 3*p = -4*u + 36, 4*p = -4*u + 7 + 33. Let l be -2*5/6*-3. Suppose l*x = -3*i + 3, 5*x - 2*i = 2*i + 31. What is the greatest common factor of x and u?
3
Suppose 100 = 5*z - 5*x - 315, -2*z = -5*x - 151. Calculate the highest common divisor of 33 and z.
11
Let d be 1 + 2699 + 3 + 3 + -2. Calculate the highest common divisor of d and 16.
16
Suppose 13*l = 462 + 136. Let j be (-1 - -2)*-1 - -93. What is the greatest common divisor of l and j?
46
Suppose 0*y = 3*y - 24. Let a(z) = z**3 - 3*z - 2. Let u be a(-3). Let w = u - -36. Calculate the highest common divisor of w and y.
8
Suppose 3*o + 6 = -3*b - 0, -2*b - 16 = -4*o. Calculate the greatest common factor of o and 74.
2
Let b(c) = 19*c - 1. Let n be b(4). Suppose -5*f - 40*f + 1350 = 0. What is the greatest common divisor of f and n?
15
Let g(u) be the third derivative of 4*u**5/15 - u**4/24 - u**3/3 - 19*u**2. Let n be g(2). Calculate the greatest common divisor of n and 6.
6
Let z be (-840)/(-56) - 6*(-4)/(-6). Calculate the highest common factor of z and 1639.
11
Let v = -440 - -568. What is the highest common divisor of v and 832?
64
Let p be (4*21/14)/(2/9). Let y = 195 - 114. What is the greatest common divisor of p and y?
27
Let x = -6 + -12. Let l(b) = 3*b**2 + 27*b + 9. Let p be l(-9). Let g = p - x. What is the highest common factor of 9 and g?
9
Let j = -2 - -3. Let w be 2 + 5 + (-13)/(39/18). Calculate the highest common divisor of j and w.
1
Suppose -48*p = -46*p - 36. Calculate the greatest common factor of 1062 and p.
18
Suppose -15 = -3*y + 33. Let w = y + 4. Calculate the highest common factor of 220 and w.
20
Let k be 12/(153/48 - 3). Suppose -l + 650 = -k. Suppose l = 4*q + 54. What is the greatest common factor of 15 and q?
15
Suppose 5 = 2*a - a. Suppose 0 = -b + 2. Suppose 2*w - b*y = 59 + 3, -20 = a*y. Calculate the highest common divisor of 3 and w.
3
Let p = 902 + -897. Suppose -3*b + 1 + 2 = 0. Suppose b + 0 = -c - 3*v, 0 = -5*c - 3*v + 19. Calculate the highest common divisor of p and c.
5
Let a be 24/(-2)*6/(-12). Suppose -3*o - 3 = 6, -2*o + a = 3*r. Suppose -r*u = 13 - 253. Calculate the greatest common divisor of u and 12.
12
Let m = -1089 - -1473. What is the greatest common factor of 96 and m?
96
Let j = -468 - -1440. What is the greatest common factor of 4 and j?
4
Let i = -50 - -54. Suppose 2*h + 20 = 4*u, 5*h = 6*h + i. Let c(q) = q**3 + 3*q**2 - 5*q - 1. Let t be c(-4). What is the greatest common factor of t and u?
3
Let m(x) = 6 - 11*x + 4 - x**2 + 3. Suppose 66 = -5*v + 6. Let h be m(v). What is the greatest common factor of 1 and h?
1
Let a = -264 - -336. Calculate the greatest common divisor of a and 24.
24
Let k = -130 + 242. What is the greatest common factor of k and 84?
28
Suppose -9 = -5*q + 16. Suppose 15 = 7*x - 20. Let a be 3 + 1 + (5 - -100)/x. What is the greatest common factor of q and a?
5
Let p(y) = -11*y**2 + 1. Let n be p(1). Let l = n - -22. Suppose 2*u - l = -g + u, -5*g = 4*u - 56. Calculate the highest common divisor of 64 and g.
8
Suppose 4*x + 77 = 3*m, 81 = 4*m - 3*x - 24. Calculate the highest common factor of 27 and m.
27
Suppose 2*k + c - 14 = -2*k, -4*k - 5*c = -6. Let n = 150 + -102. Let y = -20 + n. What is the greatest common divisor of k and y?
4
Suppose 5 = -j, 4*h = 3*j - 2*j + 1397. Suppose 2*l + 2*l = -4*i - h, -5*l = -i - 99. Let s = i - -188. What is the highest common factor of s and 11?
11
Let n(q) = -9*q - 84. Let u be n(-14). Let r be (60/(-21) - -2)*-7. What is the greatest common factor of r and u?
6
Let a = -72 + 95. Suppose 0 = 5*k - a - 197. What is the greatest common factor of k and 33?
11
Let g = 165 + -147. Let x(a) = a**3 + 6*a**2 + 3*a - 7. Let k be -1 - (-18)/(-3) - -2. Let w be x(k). What is the highest common divisor of w and g?
3
Let u = 58 + -84. Let g = u - -51. Calculate the highest common factor of g and 175.
25
Suppose 1 = o, -4*b + 5*o + 12 = -3. Suppose 3*i = b*t - 22, i = -10*t + 5*t + 6. What is the greatest common divisor of 4 and t?
2
Suppose -5*r + 5 = t + 24, 2*t + 10 = -3*r. Let f(m) = 6*m**2 + 3*m - 3. Let q be f(t). Calculate the greatest common factor of 42 and q.
6
Suppose -84*y + 1728 = -82*y. Calculate the highest common factor of y and 54.
54
Let f be (-4 - -2)*(-33)/6. Calculate the highest common divisor of 583 and f.
11
Let v be 11 - 6*(-5)/(-10). What is the highest common factor of 436 and v?
4
Let t be (-2)/4 - (-6630)/60. Suppose 4*z = 12, -5*m - 88 - 107 = -5*z. Let a be (-4)/(-18) - 784/m. Calculate the highest common divisor of t and a.
22
Let t = 664 - 596. Calculate the greatest common factor of 4 and t.
4
Let z(j) = j**3 - 5*j**2 + 9*j + 1. Let t be z(4). What is the greatest common divisor of 77 and t?
7
Suppose -2*u + 3*m + 640 = 106, 5*m = 10. What is the greatest common divisor of 54 and u?
54
Suppose 5*w - 4*n + 9*n + 15 = 0, -5*n - 22 = -2*w. Let v(l) = 4*l**2 + 2*l. Let b be v(w). Calculate the highest common factor of 4 and b.
2
Suppose -3*n - 21 = -6*n. Suppose -w + n = -2*w. Let a(m) = m + 9. Let k be a(w). What is the highest common factor of k and 4?
2
Suppose -4*f + 3 = v - 0, -3*v - 9 = 3*f. Suppose 5*k - 12 = f*k. Suppose -7*p + 56 = -84. Calculate the greatest common factor of p and k.
4
Let p(r) = -2*r - 4. Let t be p(-2). Suppose t = 5*y + 75 - 345. Suppose 0 = 5*h - y - 11. Calculate the highest common factor of 13 and h.
13
Suppose 315 = -4*m + 75. Let s = m - -75. Calculate the greatest common factor of s and 45.
15
Let v be ((-12)/(-10))/((-4)/(-10)). Suppose -295 = -v*s + 41. Let u be ((-140)/(-15))/((36/4)/27). What is the highest common divisor of s and u?
28
Let g be 7329/49 + (2 - 22/14). Calculate the greatest common factor of 12 and g.
6
Let t = -3 - -20. Let m(x) = -24 + 2*x - 23 + 17*x**2 + 48 - x**3. Let v be m(t). What is the highest common factor of v and 14?
7
Suppose -12*y = -18*y + 1956. Suppose -y - 154 = -10*o. Calculate the highest common divisor of o and 432.
48
Suppose -w - 3*z - 4 = 0, -4*z + 6*z + 11 = w. Let r(b) = 3*b + 12. Let k be r(w). Calculate the greatest common divisor of 3 and k.
3
Suppose 0 = 2*a - l - 7, 3*a - 2 = -a - 2*l. Suppose m - 11 = 5*t, -m = -5*m - a*t + 22. Calculate the highest common divisor of 30 and m.
6
Suppose 768 = -10*v + 2128. What is the highest common factor of 748 and v?
68
Let t